Dec 02 00:00:24.116 INFO testing aulisius/alphabet_icon against master#8940af3cea4a9a9deabcaf843b2f8cad9a83fc61 for beta-1.31-5
Dec 02 00:00:24.116 INFO running `"docker" "create" "-v" "/mnt/big/crater/work/local/target-dirs/beta-1.31-5/worker-2/master#8940af3cea4a9a9deabcaf843b2f8cad9a83fc61:/target:rw,Z" "-v" "/mnt/big/crater/work/local/test-source/worker-2/beta-1.31-5/master#8940af3cea4a9a9deabcaf843b2f8cad9a83fc61:/source:ro,Z" "-v" "/mnt/big/crater/work/local/cargo-home:/cargo-home:ro,Z" "-v" "/mnt/big/crater/work/local/rustup-home:/rustup-home:ro,Z" "-e" "USER_ID=1000" "-e" "SOURCE_DIR=/source" "-e" "USER_ID=1000" "-e" "CMD=cargo +8940af3cea4a9a9deabcaf843b2f8cad9a83fc61-alt build --frozen" "-e" "CARGO_TARGET_DIR=/target" "-e" "CARGO_INCREMENTAL=0" "-e" "RUST_BACKTRACE=full" "-e" "RUSTFLAGS=--cap-lints=warn" "-e" "CARGO_HOME=/cargo-home" "-e" "RUSTUP_HOME=/rustup-home" "-m" "1536M" "--network" "none" "crater"`
Dec 02 00:00:24.602 INFO [stdout] c947133cc262f8e1d825334bd43c0bbd55819598b9676de7a898c2a5a832e7f5
Dec 02 00:00:24.608 INFO running `"docker" "start" "-a" "c947133cc262f8e1d825334bd43c0bbd55819598b9676de7a898c2a5a832e7f5"`
Dec 02 00:00:26.070 INFO [stderr] usermod: no changes
Dec 02 00:00:26.406 INFO [stderr]    Compiling cached v0.4.1
Dec 02 00:00:26.407 INFO [stderr]    Compiling simplesvg v0.4.0
Dec 02 00:00:26.426 INFO [stderr]    Compiling cache_2q v0.8.4
Dec 02 00:00:26.428 INFO [stderr]    Compiling svg v0.5.6
Dec 02 00:00:26.443 INFO [stderr]    Compiling rocket_cors v0.2.0
Dec 02 00:00:26.443 INFO [stderr]    Compiling pear_codegen v0.0.20
Dec 02 00:00:26.443 INFO [stderr]    Compiling rocket v0.3.16
Dec 02 00:00:26.443 INFO [stderr]    Compiling rocket_codegen v0.3.16
Dec 02 00:00:26.955 INFO [stderr] error: failed to run custom build command for `rocket_codegen v0.3.16`
Dec 02 00:00:26.955 INFO [stderr] process didn't exit successfully: `/target/debug/build/rocket_codegen-4a5b65214453c03c/build-script-build` (exit code: 101)
Dec 02 00:00:26.955 INFO [stderr] --- stderr
Dec 02 00:00:26.955 INFO [stderr] [1;31mError:[0m [37mRocket requires a nightly or dev version of Rust.[0m
Dec 02 00:00:26.955 INFO [stderr] [37mInstalled version is:[0m [33m1.31.0-beta.20 (2018-11-30)[0m. [37mMinimum required:[0m [33m1.30.0-nightly (2018-08-23)[0m.
Dec 02 00:00:26.955 INFO [stderr] [34mSee the getting started guide ([0m[37mhttps://rocket.rs/guide/getting-started/[0m[34m) for more information.[0m
Dec 02 00:00:26.955 INFO [stderr] thread 'main' panicked at 'Aborting compilation due to incompatible compiler.', /cargo-home/registry/src/github.com-1ecc6299db9ec823/rocket_codegen-0.3.16/build.rs:38:17
Dec 02 00:00:26.955 INFO [stderr] stack backtrace:
Dec 02 00:00:26.955 INFO [stderr]    0:     0x56452fb7c32f - std::sys::unix::backtrace::tracing::imp::unwind_backtrace::h3a8b83e1922cbdde
Dec 02 00:00:26.955 INFO [stderr]                                at libstd/sys/unix/backtrace/tracing/gcc_s.rs:49
Dec 02 00:00:26.955 INFO [stderr]    1:     0x56452fb87d07 - std::sys_common::backtrace::print::h00d3155a29b4020f
Dec 02 00:00:26.955 INFO [stderr]                                at libstd/sys_common/backtrace.rs:71
Dec 02 00:00:26.955 INFO [stderr]                                at libstd/sys_common/backtrace.rs:59
Dec 02 00:00:26.955 INFO [stderr]    2:     0x56452fb80bcf - std::panicking::default_hook::{{closure}}::hd7465c742e79e1bb
Dec 02 00:00:26.955 INFO [stderr]                                at libstd/panicking.rs:211
Dec 02 00:00:26.955 INFO [stderr]    3:     0x56452fb80934 - std::panicking::default_hook::h9e3966f2aa2a6e12
Dec 02 00:00:26.955 INFO [stderr]                                at libstd/panicking.rs:227
Dec 02 00:00:26.955 INFO [stderr]    4:     0x56452fb811fe - std::panicking::rust_panic_with_hook::h587f091ae747d080
Dec 02 00:00:26.955 INFO [stderr]                                at libstd/panicking.rs:476
Dec 02 00:00:26.955 INFO [stderr]    5:     0x56452fb53ab3 - std::panicking::begin_panic::h637cf6c246413594
Dec 02 00:00:26.955 INFO [stderr]                                at libstd/panicking.rs:410
Dec 02 00:00:26.955 INFO [stderr]    6:     0x56452fb51b84 - build_script_build::main::h2c72fd58a9234470
Dec 02 00:00:26.955 INFO [stderr]                                at /cargo-home/registry/src/github.com-1ecc6299db9ec823/rocket_codegen-0.3.16/build.rs:38
Dec 02 00:00:26.955 INFO [stderr]    7:     0x56452fb5439f - std::rt::lang_start::{{closure}}::hfe557982ab535bc0
Dec 02 00:00:26.955 INFO [stderr]                                at libstd/rt.rs:74
Dec 02 00:00:26.955 INFO [stderr]    8:     0x56452fb80c72 - std::panicking::try::do_call::h52e7f80ff0fdcc45
Dec 02 00:00:26.955 INFO [stderr]                                at libstd/rt.rs:59
Dec 02 00:00:26.955 INFO [stderr]                                at libstd/panicking.rs:310
Dec 02 00:00:26.955 INFO [stderr]    9:     0x56452fb92cb9 - __rust_maybe_catch_panic
Dec 02 00:00:26.955 INFO [stderr]                                at libpanic_unwind/lib.rs:102
Dec 02 00:00:26.955 INFO [stderr]   10:     0x56452fb7098a - std::rt::lang_start_internal::h38cae898de7f805c
Dec 02 00:00:26.955 INFO [stderr]                                at libstd/panicking.rs:289
Dec 02 00:00:26.955 INFO [stderr]                                at libstd/panic.rs:392
Dec 02 00:00:26.955 INFO [stderr]                                at libstd/rt.rs:58
Dec 02 00:00:26.955 INFO [stderr]   11:     0x56452fb54378 - std::rt::lang_start::h04f69d23836a7815
Dec 02 00:00:26.955 INFO [stderr]                                at libstd/rt.rs:74
Dec 02 00:00:26.955 INFO [stderr]   12:     0x56452fb52a49 - main
Dec 02 00:00:26.955 INFO [stderr]   13:     0x7efe5426882f - __libc_start_main
Dec 02 00:00:26.955 INFO [stderr]   14:     0x56452fb51228 - _start
Dec 02 00:00:26.955 INFO [stderr]   15:                0x0 - <unknown>
Dec 02 00:00:26.955 INFO [stderr] 
Dec 02 00:00:26.955 INFO [stderr] warning: build failed, waiting for other jobs to finish...
Dec 02 00:00:26.959 INFO [stderr] error: failed to run custom build command for `pear_codegen v0.0.20`
Dec 02 00:00:26.959 INFO [stderr] process didn't exit successfully: `/target/debug/build/pear_codegen-9ebbb5de437ff65a/build-script-build` (exit code: 101)
Dec 02 00:00:26.959 INFO [stderr] --- stderr
Dec 02 00:00:26.959 INFO [stderr] [1;31mError:[0m [37mPear requires a nightly or dev version of Rust.[0m
Dec 02 00:00:26.959 INFO [stderr] [37mInstalled version is:[0m [33m1.31.0-beta.20 (2018-11-30)[0m. [37mMinimum required:[0m [33m1.30.0-nightly (2018-08-23)[0m.
Dec 02 00:00:26.959 INFO [stderr] thread 'main' panicked at 'Aborting compilation due to incompatible compiler.', /cargo-home/registry/src/github.com-1ecc6299db9ec823/pear_codegen-0.0.20/build.rs:31:13
Dec 02 00:00:26.959 INFO [stderr] stack backtrace:
Dec 02 00:00:26.959 INFO [stderr]    0:     0x560231eeb0ff - std::sys::unix::backtrace::tracing::imp::unwind_backtrace::h3a8b83e1922cbdde
Dec 02 00:00:26.959 INFO [stderr]                                at libstd/sys/unix/backtrace/tracing/gcc_s.rs:49
Dec 02 00:00:26.959 INFO [stderr]    1:     0x560231ef6ad7 - std::sys_common::backtrace::print::h00d3155a29b4020f
Dec 02 00:00:26.959 INFO [stderr]                                at libstd/sys_common/backtrace.rs:71
Dec 02 00:00:26.959 INFO [stderr]                                at libstd/sys_common/backtrace.rs:59
Dec 02 00:00:26.959 INFO [stderr]    2:     0x560231eef99f - std::panicking::default_hook::{{closure}}::hd7465c742e79e1bb
Dec 02 00:00:26.959 INFO [stderr]                                at libstd/panicking.rs:211
Dec 02 00:00:26.959 INFO [stderr]    3:     0x560231eef704 - std::panicking::default_hook::h9e3966f2aa2a6e12
Dec 02 00:00:26.959 INFO [stderr]                                at libstd/panicking.rs:227
Dec 02 00:00:26.959 INFO [stderr]    4:     0x560231eeffce - std::panicking::rust_panic_with_hook::h587f091ae747d080
Dec 02 00:00:26.959 INFO [stderr]                                at libstd/panicking.rs:476
Dec 02 00:00:26.959 INFO [stderr]    5:     0x560231ec2883 - std::panicking::begin_panic::h03cdb516ffc5f784
Dec 02 00:00:26.959 INFO [stderr]                                at libstd/panicking.rs:410
Dec 02 00:00:26.959 INFO [stderr]    6:     0x560231ec0948 - build_script_build::main::h36944a4e267b7477
Dec 02 00:00:26.959 INFO [stderr]                                at /cargo-home/registry/src/github.com-1ecc6299db9ec823/pear_codegen-0.0.20/build.rs:31
Dec 02 00:00:26.959 INFO [stderr]    7:     0x560231ec316f - std::rt::lang_start::{{closure}}::h5e49a6fd7616e446
Dec 02 00:00:26.959 INFO [stderr]                                at libstd/rt.rs:74
Dec 02 00:00:26.959 INFO [stderr]    8:     0x560231eefa42 - std::panicking::try::do_call::h52e7f80ff0fdcc45
Dec 02 00:00:26.959 INFO [stderr]                                at libstd/rt.rs:59
Dec 02 00:00:26.959 INFO [stderr]                                at libstd/panicking.rs:310
Dec 02 00:00:26.959 INFO [stderr]    9:     0x560231f01a89 - __rust_maybe_catch_panic
Dec 02 00:00:26.959 INFO [stderr]                                at libpanic_unwind/lib.rs:102
Dec 02 00:00:26.959 INFO [stderr]   10:     0x560231edf75a - std::rt::lang_start_internal::h38cae898de7f805c
Dec 02 00:00:26.959 INFO [stderr]                                at libstd/panicking.rs:289
Dec 02 00:00:26.959 INFO [stderr]                                at libstd/panic.rs:392
Dec 02 00:00:26.959 INFO [stderr]                                at libstd/rt.rs:58
Dec 02 00:00:26.959 INFO [stderr]   11:     0x560231ec3148 - std::rt::lang_start::hf3588cfe9ea8870a
Dec 02 00:00:26.959 INFO [stderr]                                at libstd/rt.rs:74
Dec 02 00:00:26.959 INFO [stderr]   12:     0x560231ec1819 - main
Dec 02 00:00:26.959 INFO [stderr]   13:     0x7f6441f4e82f - __libc_start_main
Dec 02 00:00:26.959 INFO [stderr]   14:     0x560231ec0228 - _start
Dec 02 00:00:26.959 INFO [stderr]   15:                0x0 - <unknown>
Dec 02 00:00:26.959 INFO [stderr] 
Dec 02 00:00:26.959 INFO [stderr] warning: build failed, waiting for other jobs to finish...
Dec 02 00:00:26.967 INFO [stderr] error: failed to run custom build command for `rocket v0.3.16`
Dec 02 00:00:26.967 INFO [stderr] process didn't exit successfully: `/target/debug/build/rocket-e8632d5f710e389a/build-script-build` (exit code: 101)
Dec 02 00:00:26.967 INFO [stderr] --- stderr
Dec 02 00:00:26.967 INFO [stderr] [1;31mError:[0m [37mRocket requires a nightly or dev version of Rust.[0m
Dec 02 00:00:26.967 INFO [stderr] [37mInstalled version is:[0m [33m1.31.0-beta.20 (2018-11-30)[0m. [37mMinimum required:[0m [33m1.27.0-nightly (2018-04-26)[0m.
Dec 02 00:00:26.967 INFO [stderr] [34mSee the getting started guide ([0m[37mhttps://rocket.rs/guide/getting-started/[0m[34m) for more information.[0m
Dec 02 00:00:26.967 INFO [stderr] thread 'main' panicked at 'Aborting compilation due to incompatible compiler.', /cargo-home/registry/src/github.com-1ecc6299db9ec823/rocket-0.3.16/build.rs:38:13
Dec 02 00:00:26.967 INFO [stderr] stack backtrace:
Dec 02 00:00:26.967 INFO [stderr]    0:     0x559f328ef33f - std::sys::unix::backtrace::tracing::imp::unwind_backtrace::h3a8b83e1922cbdde
Dec 02 00:00:26.967 INFO [stderr]                                at libstd/sys/unix/backtrace/tracing/gcc_s.rs:49
Dec 02 00:00:26.967 INFO [stderr]    1:     0x559f328fad17 - std::sys_common::backtrace::print::h00d3155a29b4020f
Dec 02 00:00:26.967 INFO [stderr]                                at libstd/sys_common/backtrace.rs:71
Dec 02 00:00:26.967 INFO [stderr]                                at libstd/sys_common/backtrace.rs:59
Dec 02 00:00:26.967 INFO [stderr]    2:     0x559f328f3bdf - std::panicking::default_hook::{{closure}}::hd7465c742e79e1bb
Dec 02 00:00:26.967 INFO [stderr]                                at libstd/panicking.rs:211
Dec 02 00:00:26.967 INFO [stderr]    3:     0x559f328f3944 - std::panicking::default_hook::h9e3966f2aa2a6e12
Dec 02 00:00:26.967 INFO [stderr]                                at libstd/panicking.rs:227
Dec 02 00:00:26.967 INFO [stderr]    4:     0x559f328f420e - std::panicking::rust_panic_with_hook::h587f091ae747d080
Dec 02 00:00:26.967 INFO [stderr]                                at libstd/panicking.rs:476
Dec 02 00:00:26.967 INFO [stderr]    5:     0x559f328c6ac3 - std::panicking::begin_panic::h185025b8b4804e9b
Dec 02 00:00:26.967 INFO [stderr]                                at libstd/panicking.rs:410
Dec 02 00:00:26.967 INFO [stderr]    6:     0x559f328c4b85 - build_script_build::main::h4284e4a3a8df7e1b
Dec 02 00:00:26.967 INFO [stderr]                                at /cargo-home/registry/src/github.com-1ecc6299db9ec823/rocket-0.3.16/build.rs:38
Dec 02 00:00:26.967 INFO [stderr]    7:     0x559f328c73af - std::rt::lang_start::{{closure}}::ha0df32a52ba7057e
Dec 02 00:00:26.967 INFO [stderr]                                at libstd/rt.rs:74
Dec 02 00:00:26.967 INFO [stderr]    8:     0x559f328f3c82 - std::panicking::try::do_call::h52e7f80ff0fdcc45
Dec 02 00:00:26.967 INFO [stderr]                                at libstd/rt.rs:59
Dec 02 00:00:26.967 INFO [stderr]                                at libstd/panicking.rs:310
Dec 02 00:00:26.967 INFO [stderr]    9:     0x559f32905cc9 - __rust_maybe_catch_panic
Dec 02 00:00:26.967 INFO [stderr]                                at libpanic_unwind/lib.rs:102
Dec 02 00:00:26.967 INFO [stderr]   10:     0x559f328e399a - std::rt::lang_start_internal::h38cae898de7f805c
Dec 02 00:00:26.967 INFO [stderr]                                at libstd/panicking.rs:289
Dec 02 00:00:26.967 INFO [stderr]                                at libstd/panic.rs:392
Dec 02 00:00:26.967 INFO [stderr]                                at libstd/rt.rs:58
Dec 02 00:00:26.967 INFO [stderr]   11:     0x559f328c7388 - std::rt::lang_start::h3f68170055a70037
Dec 02 00:00:26.967 INFO [stderr]                                at libstd/rt.rs:74
Dec 02 00:00:26.967 INFO [stderr]   12:     0x559f328c5a59 - main
Dec 02 00:00:26.967 INFO [stderr]   13:     0x7fae41ae682f - __libc_start_main
Dec 02 00:00:26.967 INFO [stderr]   14:     0x559f328c4228 - _start
Dec 02 00:00:26.967 INFO [stderr]   15:                0x0 - <unknown>
Dec 02 00:00:26.967 INFO [stderr] 
Dec 02 00:00:26.967 INFO [stderr] warning: build failed, waiting for other jobs to finish...
Dec 02 00:00:32.019 INFO [stderr] error: build failed
Dec 02 00:00:32.032 INFO [stderr] su: No module specific data is present
Dec 02 00:00:33.075 INFO running `"docker" "inspect" "c947133cc262f8e1d825334bd43c0bbd55819598b9676de7a898c2a5a832e7f5"`
Dec 02 00:00:33.214 INFO running `"docker" "rm" "-f" "c947133cc262f8e1d825334bd43c0bbd55819598b9676de7a898c2a5a832e7f5"`
Dec 02 00:00:33.491 INFO [stdout] c947133cc262f8e1d825334bd43c0bbd55819598b9676de7a898c2a5a832e7f5
